pose 3*j = a + 2. Calculate the remainder when 2 is divided by j.
0
Suppose 3*c - 6*c + 6 = 0. Let h be -2 + 5/((-5)/16). Calculate the remainder when 3 is divided by h/(-10) + c/10.
1
Let i be 10/4*2*23. Suppose -3*b = 2*b - i. What is the remainder when b is divided by 1 + 7 + (-2 - -2)?
7
Suppose 0 = -r + 3*k + 40, 101 - 21 = 2*r + 4*k. Calculate the remainder when ((-1)/2)/((-2)/r) is divided by 6.
4
Suppose 3*j - 2*j = 18. Let s = -897 - -907. Calculate the remainder when j is divided by s.
8
Let d(w) = -w**2 + 4. Let p be d(0). Suppose 4*q - 72 = -2*r, 2*r + 47 + 33 = p*q. Calculate the remainder when q is divided by 11.
8
Suppose -i = -4*i + 117. What is the remainder when i is divided by 14?
11
Let f(a) = a**2 + 2*a - 2*a - a**3 + 46. Let x = -5 + 5. What is the remainder when f(x) is divided by 16?
14
Let y(u) = u**3 + 8*u**2 - 2. Let n be y(-8). Suppose 3*c - 4*c - 40 = 0. Calculate the remainder when 53 is divided by n*1 - c/2.
17
Suppose 3*m = 2*m - 3*d + 57, 5*m + d - 257 = 0. What is the remainder when m is divided by 6?
3
Suppose 3*k - 2*u = u + 45, -41 = -3*k - u. Let q = k - 11. Calculate the remainder when 9 is divided by q.
0
Let f = -38 - -41. Calculate the remainder when 4 is divided by f.
1
Let z be 2 + 2 + (2 - 1). Suppose 4*o + 3*x - 4*x = -57, -5*x + 60 = -z*o. What is the remainder when (-1)/(-5) - 222/o is divided by 8?
7
Let j(u) = -u - 3. Suppose 0 = -2*h - 6, -2*a - 5 - 2 = 5*h. Calculate the remainder when a is divided by j(-5).
0
Suppose 16*c + 12*c = 672. Let p = -58 - -103. Calculate the remainder when p is divided by c.
21
Calculate the remainder when 69 is divided by (-246)/(-14) - (-21)/49.
15
Suppose 4*f - 77 = -5*x, 0 = -9*x + 4*x - 15. Calculate the remainder when 91 is divided by f.
22
Suppose -6*t + 4*m = -t - 335, -4*t + 2*m = -268. Calculate the remainder when t is divided by 17.
16
Let o(j) = 3*j + 3. Let f be o(4). Let c(y) = -y**3 - 7*y**2 - 5*y - 4. Let k be c(-6). Let w = f + k. Calculate the remainder when w is divided by 2.
1
Let i(w) = 4*w + 1. Let z be i(-4). What is the remainder when (0 - -2)/((-4)/(-58)) is divided by 15/(-2)*20/z?
9
Let w = -14 + 17. Suppose 29 = w*l - 2*l. What is the remainder when l is divided by 8?
5
Let j(i) = 33*i**2 - 6*i + 2. Calculate the remainder when j(1) is divided by 2*(-2 + 1) - -10.
5
Suppose 0 = 13*t - 797 - 386. What is the remainder when t is divided by 23?
22
Let k be (-10)/(-25) + (-298)/(-5). Suppose -4*p - 7*q + 2*q = -114, 2*p = -q + k. What is the remainder when p is divided by 11?
9
Suppose -5*o + 7 = -8. Suppose 5*c + 2*q - 20 = o*c, 4*q = 4*c - 80. What is the remainder when c is divided by ((-8)/(-5))/(3/15)?
7
Let w(u) = -u**2 + 4 - 5*u - 5 + 3. Suppose -2*y + 4*y = 6. What is the remainder when w(-3) is divided by y?
2
Suppose 3*s = -s - 4. Let z be 0/s + (0 - 1). Calculate the remainder when 49 is divided by ((-16 - 1)*z)/1.
15
Suppose 3 = d - 2. Let h = 12 - d. Let g = -7 + 10. What is the remainder when h is divided by g?
1
Suppose -v + 3 = 3*o - 3, 0 = -5*o - v + 10. Suppose 7*l + 22 = -b + 3*l, 0 = o*b + 2*l + 20. What is the remainder when 31 is divided by (2/b)/((-2)/66)?
9
Suppose -5*a = y - 105, -2*y - y = 15. What is the remainder when 61 is divided by a?
17
Suppose -5*f - g = -24 - 48, 5*g = 5*f - 60. Calculate the remainder when f is divided by 5.
4
Let w be 2/5 + (-46)/(-10). Suppose 0 = -2*r + w*r - 69. What is the remainder when r is divided by 12?
11
Let k(r) = r**3 - r + 83. What is the remainder when k(0) is divided by 28?
27
Let h = 12 - -5. What is the remainder when 50 is divided by h?
16
Suppose 0*m + 2*m = -q + 84, 4 = -2*m. Let l(u) = u**2 - 9*u + 1. Let o be l(9). Calculate the remainder when o/(q/86 + -1) is divided by 15.
13
Let f be (-2)/(-6)*0/4. Let t = 2 - f. What is the remainder when 1/(-2)*(0 - 10) is divided by t?
1
Suppose 0 = -4*x + 2*d + 62, 0*x - d + 74 = 5*x. Let o be ((-2)/3)/(10/(-645)). Calculate the remainder when 3/9*o*3 is divided by x.
13
Suppose 3*v + 6*d - d = 70, 2*v = -d + 42. Calculate the remainder when v is divided by 5.
0
Let i(t) = t**3 - 2*t**2 + 3*t - 3. Suppose 5*w - 7 - 3 = 0. Calculate the remainder when 5 is divided by i(w).
2
Let y(i) = 14*i + 7. Let q be y(7). What is the remainder when (4 - 1)*q/9 is divided by 9?
8
Suppose 0 = -t - 9 + 62. What is the remainder when t is divided by 14?
11
Let n(p) = -p**3 + 9*p**2 + 11*p - 4. What is the remainder when 20 is divided by n(10)?
2
Let y(t) = -t**2 - 10*t + 4. Let m(l) = 2*l**2 + 21*l - 9. Let z(x) = -2*m(x) - 5*y(x). Let n be z(-8). What is the remainder when (-4)/n*1/2 is divided by 1?
0
Let y(v) = v + 6. Let r be y(-4). Suppose 4*j + 5*q = 17, 3*j - 3*q - 12 = -r*j. Suppose -22 = w - j*w. Calculate the remainder when 43 is divided by w.
10
Let j = 6 - 2. Suppose -j*t + 4*w = -12, 5*w = -t - 3*t + 12. Let f = 16 - 7. What is the remainder when f is divided by t?
0
Let r = -41 - -48. Calculate the remainder when 18 - 1/(-2)*2 is divided by r.
5
What is the remainder when ((-213)/2)/(-3)*2 is divided by 24?
23
Let v(z) = -z**2 + 13*z + 5. Let q be v(6). Suppose 4*m = -q + 119. What is the remainder when 52 is divided by m?
16
Let y = 197 - 123. Suppose -x - x + y = 0. Suppose -d = 4*j - x, 2*d - 2*j - 17 - 57 = 0. Calculate the remainder when d is divided by 19.
18
Let a = -25 - -32. Calculate the remainder when 12 is divided by a.
5
Let j = 148 + -142. What is the remainder when 8 is divided by j?
2
Suppose l - 5*h = -32 - 12, 2*l + 5*h + 28 = 0. Calculate the remainder when 39 is divided by (3/(-2))/(l/224).
11
Suppose 4*y - 31 = 29. What is the remainder when 28 is divided by y?
13
Let u be -77 - (1 - 0/(-4)). Let a = -19 - u. What is the remainder when a is divided by 20?
19
Let l(r) = 25*r + 6. Let s be l(5). Suppose 385 = 3*y + 2*y. Let w = s - y. Calculate the remainder when w is divided by 14.
12
Let j(s) = 7*s - 2. Calculate the remainder when 24/1 + -4 - -2 is divided by j(2).
10
Let w = -15 - -40. Calculate the remainder when w is divided by 9.
7
Suppose 5*t - 73 + 218 = 0. Let f = -15 - t. Let x(q) = q**3 + 5*q**2 + 3*q - 4. What is the remainder when f is divided by x(-3)?
4
Let p(z) = z**3 - 20*z**2 - 40*z - 16. Calculate the remainder when p(22) is divided by 22.
6
Suppose -5*f + 4*u + 45 = 0, -5*u - 41 = -16. What is the remainder when 19 is divided by f?
4
Let o(k) = k**2 - 11*k - 1. Let c be o(9). Let w = c + 34. Let h(f) = 2*f**2 - 2*f + 3. What is the remainder when h(5) is divided by w?
13
Suppose 2*p - 3 = -1. Suppose -2*t + 15 = -15. Calculate the remainder when t is divided by (p - -2)*16/6.
7
Let q(p) = 4*p - 12. Calculate the remainder when q(6) is divided by 7.
5
What is the remainder when (398 + (-10 - 2)/3)*1 is divided by 11?
9
Let x be (-1)/2*(1 + -3). Let k = 7 - -8. Calculate the remainder when 2 - x/(1/(-27)) is divided by k.
14
Suppose -f + s + 9 = 0, -f - s + 0 = -1. Let h be ((-8)/6)/(14/(-21)). Suppose -h*r + 0 = -6. What is the remainder when f is divided by r?
2
Let n(w) = -w**3 - 2*w**2 - 3*w - 1. Let z be n(-2). Let f = z + 13. What is the remainder when f is divided by 10?
8
Suppose 2*l = w - 13, l = -5*w - 3*l + 51. Let v(p) = p - 8. What is the remainder when 8 is divided by v(w)?
2
Let o = -157 + 108. Let a = o + 74. What is the remainder when a is divided by 13?
12
Suppose -3 - 17 = 4*k, v + 13 = -3*k. Let d(o) = 2*o**3 - o + 1. Calculate the remainder when 28 is divided by d(v).
13
Let q = -3 + 8. Suppose p - 9 = q. What is the remainder when 53 is divided by p?
11
Let d(p) = p**3 - 5*p**2 - 7*p + 6. Let t be d(6). Let c(y) = -3 - 1 - 5*y - y + t*y. Calculate the remainder when 40 is divided by c(-3).
12
Let s(j) = 4*j + 6. Calculate the remainder when 85 is divided by s(4).
19
Let y(d) = d**3 + 5*d**2 - 4*d + 6. Let h be y(-6). Calculate the remainder when (-195)/h + (-2)/(-4) is divided by 226/19 - (-20)/190.
9
Let d(b) = 5*b + 1. Let a be d(-1). Let p = a - -6. Let z = 2 + p. What is the remainder when 11 is divided by z?
3
Suppose i + 10 = 1. Let y = i - -23. Calculate the remainder when 41 is divided by y.
13
Suppose 16*a - 237 = 15*a. Suppose -5*h + a = t, 7*h - 227 = 2*h + 4*t. Calculate the remainder when h is divided by 10.
7
Let t = -26 + 27. Calculate the remainder w